False
Is 9098257097 composite?
False
Is 856076126 prime?
False
Is 3956363237 prime?
True
Is 4896115633 composite?
False
Is 1607042455 a prime number?
False
Is 2474905127 a composite number?
True
Is 14820430721 a prime number?
False
Is 43185334333 prime?
True
Is 1349389641 a composite number?
True
Is 4886995821 composite?
True
Is 12187663837 prime?
True
Is 76245603171 a prime number?
False
Is 7481249033 prime?
True
Is 2390595629 a prime number?
True
Is 7859897797 composite?
False
Is 12661421 composite?
True
Is 490950857 a prime number?
True
Is 3125064301 a composite number?
True
Is 464413771 prime?
True
Is 21523378963 a prime number?
True
Is 892111697 a prime number?
True
Is 6559464287 composite?
False
Is 37824250219 composite?
True
Is 772722497 composite?
True
Is 5161219457 a prime number?
True
Is 4144835813 a prime number?
True
Is 5901297829 prime?
False
Is 91574159 a composite number?
False
Is 144993701 a prime number?
True
Is 16367247161 prime?
False
Is 539051291 prime?
False
Is 64974080371 a composite number?
True
Is 299600437 composite?
False
Is 61554634207 composite?
True
Is 6842773519 a composite number?
False
Is 4596585029 prime?
False
Is 123640963109 a composite number?
True
Is 53369961899 prime?
False
Is 45414335917 prime?
True
Is 6576818069 composite?
False
Is 112962009817 composite?
False
Is 14571551053 a prime number?
True
Is 33341188589 a prime number?
True
Is 4537675409 a prime number?
True
Is 132186499 a composite number?
False
Is 16499927 a prime number?
False
Is 2775581911 a prime number?
False
Is 1413785069 composite?
True
Is 5324122553 a composite number?
False
Is 11032145923 prime?
False
Is 401146647499 prime?
False
Is 6580151059 prime?
True
Is 54221706503 a prime number?
False
Is 239486441 a composite number?
False
Is 740700109 a prime number?
True
Is 776978311 prime?
True
Is 644547991 composite?
True
Is 6205027853 prime?
True
Is 1344734923 a composite number?
True
Is 56768356439 a prime number?
True
Is 324355817 prime?
True
Is 636577523 a composite number?
False
Is 145974527 a composite number?
True
Is 66888869 prime?
True
Is 1374080699 prime?
False
Is 6782456711 prime?
True
Is 4371083131 composite?
True
Is 90270409655 prime?
False
Is 17040073 a composite number?
True
Is 2701313213 prime?
True
Is 20080039229 a composite number?
True
Is 42468930461 prime?
False
Is 7084545529 composite?
True
Is 3588415937 a composite number?
False
Is 2239471987 a composite number?
False
Is 1530131543 prime?
False
Is 3763359763 composite?
False
Is 40437742381 prime?
True
Is 5194683341 a composite number?
True
Is 5248999991 a prime number?
True
Is 462405334 a composite number?
True
Is 861273719 a composite number?
True
Is 11958321647 prime?
True
Is 1202605357 a prime number?
False
Is 8772141323 prime?
False
Is 494274299 a composite number?
True
Is 107268947 prime?
True
Is 53769746467 composite?
True
Is 16324632941 a composite number?
True
Is 21454895479 prime?
True
Is 421200917 prime?
True
Is 28654288601 a composite number?
False
Is 186753781147 a composite number?
False
Is 32725530917 a prime number?
False
Is 78380183159 a composite number?
True
Is 379279111 a composite number?
True
Is 33864096191 a composite number?
True
Is 40170101527 a prime number?
True
Is 435171679 a composite number?
True
Is 4666495861 prime?
True
Is 10264395423 a composite number?
True
Is 693348805 a prime number?
False
Is 16893778831 prime?
True
Is 28193492077 a prime number?
True
Is 2619155347 composite?
False
Is 11409124789 a composite number?
False
Is 309590653 a composite number?
False
Is 650094023 prime?
True
Is 33175356103 prime?
True
Is 2015089691 a prime number?
True
Is 1781277367 a prime number?
True
Is 14239004513 prime?
False
Is 47458411597 a composite number?
True
Is 907324147 a composite number?
False
Is 51142120903 composite?
False
Is 7822671173 composite?
True
Is 41236838389 composite?
False
Is 29261969413 prime?
True
Is 25254153367 a prime number?
True
Is 21325976963 composite?
True
Is 13920632981 a composite number?
False
Is 439368313 prime?
True
Is 2876467697 composite?
False
Is 687349279 prime?
True
Is 721799921099 prime?
True
Is 50951993 prime?
False
Is 2584504399 a composite number?
True
Is 53444349977 a composite number?
True
Is 1704710201 a prime number?
True
Is 7408005779 prime?
False
Is 91338658423 prime?
True
Is 74885857 composite?
True
Is 2206714469 a prime number?
False
Is 1069703839 a composite number?
False
Is 1073028953 a composite number?
False
Is 36854999891 a composite number?
False
Is 92447149553 a prime number?
False
Is 16358727733 composite?
False
Is 162821029 a prime number?
False
Is 3110498813 a composite number?
True
Is 13689485813 prime?
False
Is 5933442623 a prime number?
False
Is 701496955 prime?
False
Is 1279759661 a composite number?
True
Is 21274859431 prime?
False
Is 147560285291 a composite number?
False
Is 730895987 a composite number?
False
Is 30939960938 prime?
False
Is 21346040711 a composite number?
False
Is 17762641654 prime?
False
Is 2260679467 composite?
False
Is 784034353 a composite number?
True
Is 2522837203 composite?
False
Is 6364734319 composite?
False
Is 27782454361 a composite number?
False
Is 501764123 composite?
True
Is 4004179321 a composite number?
True
Is 137699053 prime?
False
Is 906213989 a prime number?
False
Is 1373261881 a prime number?
False
Is 2604953633 a prime number?
True
Is 983236363 prime?
True
Is 4915368811 prime?
True
Is 2021996879 a prime number?
False
Is 91282353787 prime?
True
Is 24101681257 composite?
True
Is 617925857 composite?
True
Is 731314271 prime?
False
Is 3702467869 a prime number?
False
Is 105167130701 composite?
False
Is 3306476279 a prime number?
True
Is 59372303 a prime number?
True
Is 25988736343 a composite number?
False
Is 51839800217 a composite number?
True
Is 14505747307 composite?
True
Is 1056744389 a prime number?
False
Is 820133249 a composite number?
True
Is 525120787 a prime number?
False
Is 1200574651 prime?
True
Is 189019031 a composite number?
True
Is 65729835169 a prime number?
True
Is 36473382251 a composite number?
False
Is 150695510545 composite?
True
Is 3852978799 prime?
True
Is 1770733331 composite?
False
Is 558903413 composite?
False
Is 13381886513 prime?
True
Is 137474003503 composite?
False
Is 454535819 prime?
False
Is 2376098213 composite?
False
Is 25900207093 a composite number?
True
Is 2016432923 prime?
False
Is 247839826483 prime?
False
Is 30010135099 composite?
True
Is 15274198567 a composite number?
True
Is 103476377 composite?
True
Is 1065318571 a composite number?
False
Is 53865652285 prime?
False
Is 4471633561 prime?
True
Is 1810531157 prime?
False
Is 16255085261 a prime number?
False
Is 25370288421 a composite number?
True
Is 6678931537 a composite number?
True
Is 21044016883 a prime number?
True
Is 66759154421 composite?
True
Is 10112560453 a composite number?
True
Is 5056531631 prime?
True
Is 28214990929 composite?
True
Is 9938022629 composite?
False
Is 1058619763 a composite number?
False
Is 3895626799 a prime number?
False
Is 4047049637 composite?
True
Is 10749550949 a composite number?
True
Is 48044363009 a prime number?
True
Is 953647997 prime?
False
Is 3532287791 a prime number?
False
Is 14559645883 composite?
False
Is 140176818323 prime?
True
Is 185377095557 a prime number?
True
Is 528647513 a composite number?
False
Is 34779061069 a composite number?
False
Is 46655743049 prime?
True
Is 524429671 prime?
True
Is 27328955039 composite?
True
Is 87965514953 a composite number?
False
Is 2475837977 composite?
True
Is 5847401823 prime?
False
Is 1111328027 prime?
False
Is 18493133 composite?
False
Is 38651210459 prime?
False
Is 509836121 prime?
False
Is 51757864421 a composite number?
False
Is 8785376363 a composite number?
True
Is 1929311303 composite?
True
Is 53431859959 a composite number?
False
Is 6972436903 prime?
True
Is 1259324618 a prime number?
False
Is 91425189157 a composite number?
True
Is 5317482407 composite?
False
Is 46849037023 prime?
True
Is 668096131 a prime number?
True
Is 2633804417 composite?
False
Is 193264934455 a prime number?
False
Is 728902003 prime?
False
Is 19422541969 a prime number?
False
Is 70411195819 composite?
False
Is 49808276057 a prime number?
True
Is 16106198653 composite?
True
Is 84665923 comp